4. Let i(m) = g*m + m - 4 - 2*m**3 + m**3 + 3. Suppose l + 5*c - 16 = 3*l, -c + 4 = 0. Give i(l).
-3
Let o = 11 + -5. Let f = 4 - o. Let a(k) = k + 3*k - 5*k + 2. Give a(f).
4
Let q(d) = d + 10. Let u be q(-8). Let y(n) = 1 - n**u - 1 - n**2 + 1 - 3*n. Give y(-3).
-8
Let v(z) = 3*z + 18. Let c be v(-5). Let x(y) be the third derivative of -7/24*y**4 + 0*y + 0*y**c + 3*y**2 + 0. Determine x(-1).
7
Let p be (13/(-26))/((-1)/(-14)). Let r = 12 + p. Let f(z) = z**3 - 5*z**2 - z + 5. Give f(r).
0
Suppose -2*m = 5*r - 31, 8*m - 4*m + 5*r - 37 = 0. Suppose -c + 2 = f, -5*f = 3*c + m - 9. Let y be -2*(f - -2) + 2. Let j(i) = -i - 3. Determine j(y).
-1
Let u be ((-2)/2)/(-1 + 0). Suppose -4 = j + w, 0 = j + 2*w + 6 + 3. Let q(l) = l - 5*l + 2*l + j. What is q(u)?
-1
Let b(c) be the first derivative of -c**3/3 - 3*c**2/2 + 2*c - 6. Determine b(-4).
-2
Suppose 0*z + 3 = 3*z. Let s(v) = 6*v**2 + z - 5*v + 4*v + 0. Let u(l) = -l**3 - 8*l**2 + 1. Let r be u(-8). Determine s(r).
6
Let n = 0 - 2. Let r(z) = 3*z**2 + 2*z - 1. What is r(n)?
7
Let y(o) = -o**2 + 6 + 5*o**2 - 3*o**2 - 5*o - 2*o**2. Suppose q = -0*q + 1. Suppose -4*h = 19 + q. What is y(h)?
6
Let f = -3 - 1. Let x be (-132)/9*6/f. Let j(v) = -v - 2*v + x - 19. What is j(2)?
-3
Suppose -2*b + 15 = -7*b. Let g(y) = -y**3 - 5*y**2 - 4*y - 3. Calculate g(b).
-9
Let h(w) = -w**3 + 3*w**2 + 2*w + 1. Suppose 20 = 2*v + 5*o, -3*v - 3*o + o + 8 = 0. Suppose v*g = -4*g + 16. Give h(g).
-7
Suppose 3*t = 4*a - 28, t + 2*t - a + 16 = 0. Let q(c) be the third derivative of c**4/24 + c**3/6 - c**2. Give q(t).
-3
Suppose 11 = 2*v + 1. Let i(a) = -a + 1. Let u(j) = -4*j + 4. Let f(d) = 5*i(d) - u(d). Give f(v).
-4
Let z(a) be the third derivative of -a**5/120 - a**4/6 + a**3/6 + 2*a**2. Let x(m) be the first derivative of z(m). Determine x(-2).
-2
Let j be (16/5)/((-6)/(-15)). Let p = 12 - j. Let w(y) = 2*y - 6. Calculate w(p).
2
Let o(s) = -2*s - 4. Let u be o(-3). Suppose -u*f - 1 + 5 = 0. Let a(x) = 6 - 2 - 3*x**2 + x + f*x**2. What is a(-3)?
-8
Let f be (-20)/12 + 2/3. Let z(u) be the second derivative of u**5/10 + u**3/3 + u**2/2 - 12*u. Give z(f).
-3
Let z(v) = -v**2 + 8*v - 5. Let g be z(8). Let k = g - -6. Let i = k + -1. Let a(m) = -m**3 + 6. Give a(i).
6
Let b(a) = 12*a + 39. Let r(u) = -3*u - 10. Let m(i) = -4*b(i) - 15*r(i). Calculate m(-5).
9
Let a(o) = -o**3 - 6*o**2 + 7*o + 2. Let y be a(-7). Suppose 0*t = -y*t + 4. Let n(z) = -t*z**3 - 2*z + 0*z - 1 + 6*z**2 - 2*z**2. Give n(2).
-5
Let d(j) = 2*j**2 + 2*j - 4. Let b be d(2). Let q(y) = -2*y + 10. Calculate q(b).
-6
Let w(j) = -2 + 2*j - j - 6. Suppose 0*m + 3*y = -5*m + 38, y - 1 = 0. Calculate w(m).
-1
Let k(b) be the first derivative of 1/2*b**2 + 2*b + 3. Determine k(0).
2
Let n(s) = s + 1. Suppose 6*u - 4*u = 30. Let h = -10 + u. Determine n(h).
6
Let h(l) = -6*l**2 + 1. Let c(g) = -3*g + 0*g + 0*g - 3 + 4*g. Let x be c(7). Suppose 0*m = 4*m - x. Give h(m).
-5
Let g(p) = 8*p**3 - p**2. Let d = -8 - -13. Suppose 2*v - 4*j = j - 7, j = 4*v + d. What is g(v)?
-9
Let p be -9*(-1)/3 + -3. Let b(f) = 4 - 2 - f + 2*f. Give b(p).
2
Suppose 6*v - 3*v + 5*c - 31 = 0, -5 = -c. Let m(q) = -q - 1 - q + q**v + 3*q. Suppose 0 = -5*r + 14*r - 9. What is m(r)?
1
Let h(d) = d**3 - 4*d**2 - 12*d - 1. Let c be h(6). Let w(o) = 22*o - 1. What is w(c)?
-23
Let i(n) be the first derivative of n**3/3 + n**2/2 + 3*n + 1. Let l(r) = -2*r**3 + 3*r**2 - 2*r + 3. Let c be l(2). Let a = c + 5. Calculate i(a).
3
Let d(a) = -a**2 + 7*a - 6. Suppose 9*u = 4*u + 4*i + 46, u = 2*i + 14. What is d(u)?
0
Suppose -4*t = -3*p - 1, -t - 3*t + 2 = -2*p. Let i = 3 - p. Let y(a) = a**3 + 3*a**i + 2*a**2 - 1 - 2*a - 2*a**2. Calculate y(-3).
5
Let c(l) = -4*l**2 - 4 + 5 + 2 - 6 + l**3 + 5*l. Determine c(3).
3
Let h(o) = -o**3 + 6*o**2 - o. Let i be 4/(-6)*18/(-2). What is h(i)?
-6
Let v(o) = 1 + 3 + 2 + 8*o - o**3 - 4*o**2. Suppose 0 = 3*r - r. Let m(y) = -y**2 - y - 5. Let s be m(r). Determine v(s).
-9
Let s(a) = 3*a**2 + 4*a + 2. Let v(z) = z**2 + 2*z + 1. Let n(w) = -3*s(w) + 5*v(w). Let b = -3 - -2. Calculate n(b).
-3
Let i(p) = 2*p**2 + p - 3. Let a(x) = -5*x**2 - 2*x + 5. Let q(s) = 3*a(s) + 5*i(s). What is q(-2)?
-18
Let c(v) = v**3 + v**2 - 3. Let n(z) = -z - 2. Let u be n(-8). Suppose 29 = -4*d - 5*r + u, 5*d + 3*r = -19. Let p = d + 2. Determine c(p).
-3
Let j(r) = -12*r - 1. Let k(f) = -13*f - 2. Let i(w) = -3*j(w) + 2*k(w). What is i(-1)?
-11
Let h = 61 - 43. Let o = 13 - h. Let q(d) = -6 + 2 - 3*d - 1. Give q(o).
10
Let i(d) = -d**2 - 4*d - 3. Let q(u) = u**2 + 4*u + 2. Let n(a) = 6*i(a) + 7*q(a). Give n(-5).
1
Let o(r) be the third derivative of -5*r**4/24 + 5*r**3/6 + 11*r**2 + r. Give o(5).
-20
Let r(n) = -n - 1. Let k(u) = -4*u + 1. Let s(q) = q**2 + 3*q - 5. Let o be s(-4). Let w(f) = o*k(f) + 5*r(f). Calculate w(0).
-6
Let k(r) = -r**3 + 2*r**2 - 4*r + 4 - 4*r**2 - 5*r + 10*r. Suppose -2*m + g = 7, 4*m - 3*g + 9 + 6 = 0. Calculate k(m).
10
Let l be (-10)/(-15) + (-14)/(-6). Suppose b - 2 = -l. Let y(a) be the first derivative of 2*a**2 - a + 3. Calculate y(b).
-5
Let a(n) = n + 2. Let w be a(-2). Suppose 3*x - 7 - 8 = w. Let b(c) = c**2 - c - 6. Calculate b(x).
14
Suppose 8*c = 3*c + 10. Let p be 6 + 0/(c + -4). Let l be ((-2)/3)/(p/9). Let d(m) = 4*m - 1. Calculate d(l).
-5
Let c = -32 - -23. Let u(f) = f**2 + 9*f - 1. What is u(c)?
-1
Let w(x) = -x**2 + 4*x - 2. Let z(j) = -3*j**2 + 12*j - 5. Let t(f) = -8*w(f) + 3*z(f). What is t(3)?
4
Let a(k) be the third derivative of 0 + 1/6*k**3 + 1/15*k**5 + 1/12*k**4 + 0*k + 5*k**2. Suppose 17 = -2*h - 3*l, -2*l + l = -4*h + 1. Give a(h).
3
Let r(a) = -4*a - 2. Let s be r(-2). Suppose -4*z - 30 = -5*f + z, 0 = -3*f - 3*z - s. Let u(h) = -h**f + 2 + h + 2*h**2 + 3. Calculate u(0).
5
Suppose -4*k = 3*c - 12, c = -4*k + 4*c - 12. Let s(p) be the third derivative of 0*p + 0*p**4 + k + 0*p**5 - 5/6*p**3 + 1/120*p**6 - p**2. What is s(0)?
-5
Let t(b) be the second derivative of b**4/24 - 5*b**2/2 + 5*b. Let j(u) be the first derivative of t(u). Give j(-5).
-5
Let d be (-27)/(-6) - 3/(-6). Let h(p) = p - 5. Let r be h(d). Let z(y) = y. What is z(r)?
0
Let g(b) be the third derivative of -b**5/60 + 7*b**4/24 - b**3 - 21*b**2. Let s = 37 + -6. Suppose l = 5*p - 15, 0*l + s = 3*l + 4*p. Calculate g(l).
4
Let v(o) = 3*o - 4. Let k(n) = n**3 - n**2 - n + 4. Let w be k(0). What is v(w)?
8
Let i(n) = n + 19. Let b(f) = -f**2 - f + 1. Let c(w) = b(w) + i(w). Determine c(0).
20
Let k = -22 + 26. Let m(g) = 2*g**2 - 5*g - 4. Determine m(k).
8
Let j(g) = -g**2 + 7*g + 1. Suppose -21 = -4*f + f. Let w be j(f). Let m(a) = 0 - a**2 + w + 4 - a. Determine m(0).
5
Suppose 4 = -3*b + 16. Suppose 0*s + b*s - 4 = 0. Let p(d) = 3*d**2 - d**3 - 4*d**2 + 0 + 2*d**2 - s. Give p(-1).
1
Let p = 5 + -1. Suppose 6 = p*o - 14. Let u(q) = -q**3 + 6*q**2 - 4*q - 4. Calculate u(o).
1
Let w(l) = 7*l**3 - 2*l - 3. Let x(d) = 13*d**3 - d**2 - 3*d - 6. Let y(r) = 11*w(r) - 6*x(r). Suppose 3*g = g + 10. Calculate y(g).
8
Let l(k) be the first derivative of k**4/4 + 4*k**3/3 - 3*k**2/2 + 4*k + 11. Give l(-5).
-6
Let y be (1 + 0)/((-7)/14). Let m be -2*(-2)/4*-11. Let h(l) = -l**2 - 16*l + 16. Let o(c) = 3*c - 3. Let a(j) = m*o(j) + y*h(j). What is a(1)?
2
Let j(p) = p - 1. Let r(g) = -9*g + 7. Let w(z) = -21*j(z) - 3*r(z). Let f(s) = s**2 - 7. Let o be f(3). Determine w(o).
12
Let j(y) = y**2 + 6*y + 2. Suppose 3*n = -0*n + 3*v + 258, v = -4*n + 339. Suppose -4*h - 5 = -n. Suppose -3*q - q = h. What is j(q)?
-3
Let x(t) be the second derivative of -t**3/6 - 3*t**2 + 8*t. What is x(0)?
-6
Let o(u) be the third derivative of u**8/10080 + u**7/5040 + u**6/360 - u**5/15 + u**2. Let c(a) be the third derivative of o(a). Give c(-3).
17
Let q = 3 - -2. Let n(m) = m + 7. Let b be n(-6). Let g(i) = 3 - 6*i + 4*i + b - 4*i + i**2. Give g(q).
-1
Suppose 12 = -3*v + 6*v. Let a(r) = -r**2 + 5*r - 3. Let h be a(v). Let t(z) = z**3 - z**2 + 2*z - 1. What is t(h)?
1
Let d(y) = -7*y**2 - y. Let t = 21 - 18. Suppose q = -2 + t. Calculate d(q).
-8
Let x(f) = -f**3 + 5*f**2 - 5*f + 3. Let s be x(4). Let v(w) = -w + 1 - w**2 + 2 - 4. Determine v(s).
-1
Let h(o) = -6*o**3 + 2*o**2 - 5*o**3 + 12*o**3 - 11*o**2. Give h(9).
0
Let c(a) = -3. Let x(t) = -t. Let y(q) = -c(q) - x(q). Suppose 0